4. Let o = q - -46. Calculate the highest common divisor of o and c.
11
Suppose 2*k - 50 = -2*p, 0*p - 70 = -3*k + 2*p. Let s(y) = -y**3 - 5*y**2 - 6*y - 2. Let v be s(-4). Calculate the greatest common divisor of k and v.
6
Let y(m) = -m - 1. Let k be y(-6). Let l(a) = -11*a + 2. Let j be l(-3). What is the greatest common factor of k and j?
5
Let a(n) = -2*n - 2. Let h be a(6). Let q = h - -20. Let v(o) = -o**3 + 5*o**2 + 7*o - 3. Let b be v(6). Calculate the greatest common factor of b and q.
3
Suppose 0 = -9*x + 10*x - 96. Calculate the highest common divisor of 24 and x.
24
Let v(f) = f**3 - 4*f**2 + f - 1. Let o be v(4). Let z be -2 + o/1 + 11. Calculate the highest common divisor of 24 and z.
12
Let h(y) = y**2 - 10*y + 4. Let t be h(11). Suppose 5*o - 6*b - 50 = -b, 0 = 5*o - 3*b - 42. Calculate the greatest common divisor of o and t.
3
Suppose m - 4 = 7. Let r be (-1)/(m/4 + -3). Suppose -5*q + 4 = -r*b, b = 6*b + 5*q - 40. Calculate the highest common factor of b and 28.
4
Let l(n) be the first derivative of -n**3/3 + 9*n**2/2 - 3*n + 2. Let r be l(6). What is the highest common divisor of r and 60?
15
Let s = -21 - -24. Calculate the highest common divisor of 24 and s.
3
Let u be 6/10 - (-9)/(-15). Suppose 4*t - c - 3*c = u, -4*c = t - 5. Suppose -5*q - 7 = 3*o, -2*o - q + t = -o. What is the highest common divisor of o and 3?
3
Let z be 5 + -3 - (-2 - 377). Let s = 557 - z. Calculate the greatest common factor of 22 and s.
22
Let o = 56 + -15. Suppose -2*b + o = d, 0*d + 3*d = -9. Calculate the highest common factor of 88 and b.
22
Let q(k) = -k**3 + 11*k**2 + 15*k - 27. Let i be q(12). What is the highest common factor of i and 63?
9
Let p be (7 - 2) + 4/(-1). Calculate the greatest common factor of p and 8.
1
Let t(d) = -15*d**3 + 2*d**2 + 3*d + 2. Let a be t(-1). What is the greatest common factor of a and 96?
16
Let u(s) = -s + 3. Let k be u(4). Let q = k - -2. Let a be q/3*0 - -40. What is the highest common divisor of a and 16?
8
Let v = 18 + -6. What is the greatest common factor of 6 and v?
6
Suppose -6 - 1 = -2*g + 5*y, -3*g - 3*y = 0. Let a be (-1 - 0)*g - -36. Let s be 4*(3 + (-7)/4). Calculate the highest common divisor of a and s.
5
Let s(r) = -r. Let i be s(-2). Suppose 4*b - 2*m + 10 = i, 2*b - 12 = -3*m. Suppose -252 = -4*f - b*f. What is the greatest common divisor of 21 and f?
21
Let q be (2/2)/(-2 - -1). Let a = q - -13. Let b = -124 - -184. What is the highest common factor of a and b?
12
Suppose 3*i - 163 - 8 = 0. What is the greatest common divisor of i and 19?
19
Let y = -1 - -3. Suppose -s + y*s = -109. Let u = s - -253. Calculate the greatest common factor of u and 16.
16
Suppose -u - u + 8 = 0. Calculate the greatest common divisor of 4 and u.
4
Let w = -6 - -8. Let v be 3/(w/(-2)*-1). Suppose -3*t = -o - 26, 3*t - 2*t - v*o - 6 = 0. Calculate the highest common factor of t and 6.
3
Suppose 2*p = u - 10 - 42, u - 68 = -2*p. Let l = 61 + u. Calculate the highest common divisor of l and 11.
11
Suppose 3*f - 189 = -2*f + 2*k, -f + 54 = 5*k. What is the greatest common factor of 26 and f?
13
Suppose 0 = 2*v - 18. Calculate the greatest common divisor of 18 and v.
9
Let x(j) = -j**2 - 4*j. Let t be x(-4). Let f = t + 0. Suppose -2*a - 5*q + 65 = f, -3*q = 6 + 3. What is the greatest common factor of 10 and a?
10
Suppose -4*h - 4*x = -48, 3*x = 8*h - 3*h - 76. Let q = -1 - -3. What is the greatest common factor of h and q?
2
Let d(n) = 3 - 27*n - 4 + 2 + 131*n. Let h be d(2). What is the greatest common factor of 19 and h?
19
Let c = 4 - -10. Let m(i) = 4*i**2 - i + 3. Let b be m(-3). What is the highest common divisor of b and c?
14
Let g be ((-2)/(-4))/(24/528). Calculate the highest common factor of 1 and g.
1
Let q be (-8)/(-6) - 1/3. Suppose 0 = -2*d + 3*d. Suppose -2*k = -d - 8. What is the highest common divisor of q and k?
1
Let b be 20*(10/8 + 0). Suppose 4*p + 3*y = -120, -2*y + 5*y = 3*p + 69. Let r = p + 227. What is the highest common divisor of r and b?
25
Let s(h) = h - 3. Let j be s(8). Let c(q) = q**2 - 3*q - 3. Let p be c(5). Let t = p - j. Calculate the highest common divisor of t and 22.
2
Suppose 4*t = -5*p + 16 - 2, -p = 2*t + 2. Let b be (-3)/(-6) - (-22)/4. What is the highest common divisor of p and b?
6
Suppose 5*s = 3*j + 19, 5*s - 6 - 23 = -2*j. Let v = -5 + 8. Calculate the highest common divisor of j and v.
1
Let q(o) = -25*o + 2. Let d be q(-3). Let s = 109 - 98. What is the greatest common factor of d and s?
11
Let r be 0 + -1 - (-27 - 0). Let w = r + -8. Let n(s) = 7*s**2 - 3*s. Let d be n(3). Calculate the highest common divisor of w and d.
18
Let w = -2 - -6. Suppose 42 = w*m + 6. Calculate the greatest common divisor of 99 and m.
9
Let t(s) = 5*s - 3. Let o be t(-2). Let y = o - -34. Calculate the greatest common factor of 7 and y.
7
Suppose -4*g + 7 + 1 = 0. Let a(m) = -m**2 - 7*m + 7. Let v be a(-8). Let s = g - v. What is the highest common factor of s and 21?
3
Let s(o) = o**3 + 4*o**2 - 3*o - 2. Let b be s(-4). Let t be (-636)/(-9) - (-2)/(-3). Calculate the highest common divisor of t and b.
10
Let s(v) = -2*v**2 + 2*v - 1. Let b be s(1). Let y be ((-22)/b)/((-14)/(-49)). Suppose -32 = -4*t + 12. What is the greatest common divisor of t and y?
11
Suppose g + 3*t - 3 = 4*g, 5*g + 40 = -2*t. Let r(o) = -5*o + 5. Let d be r(g). Calculate the greatest common factor of d and 14.
7
Let w be 2 + (1 - 0 - -15) - 0. What is the highest common factor of w and 45?
9
Let c = 4 + -4. Suppose c*y + 3*y + 2*j = 12, -5*y + 20 = -j. Calculate the greatest common factor of y and 4.
4
Let f(b) = -3*b + 3. Let r be f(-6). Let n be 84/(-9)*(-162)/r. What is the highest common factor of n and 9?
9
Let h be (-20)/110 - 840/(-22). Let p = -19 + h. What is the greatest common factor of p and 76?
19
Let q = -31 + 47. Suppose 4*n = q, 5*a - n + 33 - 9 = 0. Let i be 2*8 - (2 + a). What is the greatest common divisor of i and 45?
9
Suppose 3*a = 15, -2*a + 5 + 35 = l. Let s be (-1 + 1)*(-2 - -3). Suppose s = -y - 0*y + 20. Calculate the greatest common divisor of l and y.
10
Let q(m) = m**3 + 12*m**2 + 10*m - 7. Let f be q(-11). Suppose f*r - 2*r - 5*h - 244 = 0, 0 = 2*r - h - 260. What is the greatest common divisor of 12 and r?
12
Suppose s - 68 = -s. Let f = -18 - -35. Calculate the greatest common divisor of f and s.
17
Let a = -11 - -15. What is the highest common divisor of 16 and a?
4
Let x(j) = j**3 + 7*j**2 - 2. Let h be x(-7). Let b be h + 2*(-6)/(-3). Calculate the highest common divisor of 3 and b.
1
Suppose -822 + 107 = -5*j. Suppose 21 = 3*i - 6*i. Let z be 89/7 + (-2)/i. What is the highest common factor of j and z?
13
Let i(a) be the second derivative of 0 + 1/12*a**4 + 3/2*a**2 - a + 1/3*a**3 + 1/20*a**5. Let s be i(3). Calculate the highest common divisor of 5 and s.
5
Suppose -3*k + 33 = -3*h + 2*h, k + 3*h = 11. Suppose g = -4*n + 54 + 338, -4*g - 16 = 0. What is the highest common factor of n and k?
11
Let t(x) = 2*x**3 - 5*x**2 - 6*x + 9. Let h be t(5). Calculate the highest common factor of 13 and h.
13
Suppose u + 28 = 4*i - 3*u, -3*u = 15. Suppose 0*k + i = 2*k. Suppose 2 = h - k. What is the highest common factor of 1 and h?
1
Let g(y) = 2*y**3 - 4*y**2 + 9*y - 8. Let z be g(4). Calculate the highest common divisor of 23 and z.
23
Let j be (-5)/(-7) + 10/35. Suppose d - j = 1. Suppose 0 = -4*r + n + 393, 0*r + 291 = 3*r - d*n. What is the greatest common factor of r and 11?
11
Let z be (20/25)/((-1)/(-15)). Let w = -101 - -252. Let r = w - 43. What is the greatest common factor of r and z?
12
Suppose 18 = x - 0*x. Let z be ((-4)/3)/((-4)/x). Let n(k) = -k**3 + 11*k**2 - 4*k + 6. Let b be n(10). What is the highest common factor of z and b?
6
Let i(r) = -31*r**3 + 2*r**2 - 1. Let n be i(-1). Let p(b) = b**2 + b + 4. Let f be p(-4). What is the greatest common factor of f and n?
16
Let d = -19 + 36. Let a = -7 + d. Let l be (-416)/(-6) - 8/(-12). What is the highest common divisor of a and l?
10
Suppose 4*y - 99 + 23 = 0. What is the greatest common divisor of 76 and y?
19
Let h(r) = r + 4. Suppose -2*f = 5*s - 17, 0*f - 5*f + 8 = s. Suppose p - 3 - f = 0. Let d be h(p). Calculate the highest common divisor of 4 and d.
4
Let n(h) = -2*h**3 - 3*h**2 - 2*h + 1. Let m be 2/